{"id":80,"date":"2023-02-08T01:23:20","date_gmt":"2023-02-08T00:23:20","guid":{"rendered":"https:\/\/talajjavitoszovetseg.hu\/rendezveny\/consequatur-qui-et-explicabo-eveniet\/"},"modified":"2023-05-10T14:44:04","modified_gmt":"2023-05-10T13:44:04","slug":"consequatur-qui-et-explicabo-eveniet","status":"publish","type":"rendezveny","link":"https:\/\/talajjavitoszovetseg.hu\/en\/rendezveny\/consequatur-qui-et-explicabo-eveniet\/","title":{"rendered":"Digitaliz\u00e1ci\u00f3s Konferencia"},"content":{"rendered":"<p>A rendezv\u00e9ny c\u00e9lja a digit\u00e1lis transzform\u00e1ci\u00f3 el\u0151mozd\u00edt\u00e1sa \u00e9s a digit\u00e1lis technol\u00f3gi\u00e1k bemutat\u00e1sa k\u00fcl\u00f6nb\u00f6z\u0151 ipar\u00e1gakban. Az esem\u00e9nyen szakemberek, startupok \u00e9s befektet\u0151k vesznek r\u00e9szt, akik megosztj\u00e1k a digit\u00e1lis innov\u00e1ci\u00f3hoz kapcsol\u00f3d\u00f3 tapasztalataikat.<\/p>","protected":false},"featured_media":81,"template":"","class_list":["post-80","rendezveny","type-rendezveny","status-publish","has-post-thumbnail","hentry"],"acf":[],"_links":{"self":[{"href":"https:\/\/talajjavitoszovetseg.hu\/en\/wp-json\/wp\/v2\/rendezveny\/80","targetHints":{"allow":["GET"]}}],"collection":[{"href":"https:\/\/talajjavitoszovetseg.hu\/en\/wp-json\/wp\/v2\/rendezveny"}],"about":[{"href":"https:\/\/talajjavitoszovetseg.hu\/en\/wp-json\/wp\/v2\/types\/rendezveny"}],"wp:featuredmedia":[{"embeddable":true,"href":"https:\/\/talajjavitoszovetseg.hu\/en\/wp-json\/wp\/v2\/media\/81"}],"wp:attachment":[{"href":"https:\/\/talajjavitoszovetseg.hu\/en\/wp-json\/wp\/v2\/media?parent=80"}],"curies":[{"name":"wp","href":"https:\/\/api.w.org\/{rel}","templated":true}]}}

Digitalizációs Konferencia

<p>A rendezvény célja a digitális transzformáció előmozdítása és a digitális technológiák bemutatása különböző iparágakban. Az eseményen szakemberek, startupok és befektetők vesznek részt, akik megosztják a digitális innovációhoz kapcsolódó tapasztalataikat.</p>
