{"id":84,"date":"2023-02-17T11:11:13","date_gmt":"2023-02-17T10:11:13","guid":{"rendered":"https:\/\/talajjavitoszovetseg.hu\/rendezveny\/earum-ratione-quos-esse\/"},"modified":"2023-05-10T14:41:39","modified_gmt":"2023-05-10T13:41:39","slug":"earum-ratione-quos-esse","status":"publish","type":"rendezveny","link":"https:\/\/talajjavitoszovetseg.hu\/en\/rendezveny\/earum-ratione-quos-esse\/","title":{"rendered":"\u00dczleti Vezet\u0151k F\u00f3ruma"},"content":{"rendered":"<p>A rendezv\u00e9ny a vezet\u0151i k\u00e9szs\u00e9gek \u00e9s a v\u00e1llalati strat\u00e9gi\u00e1k t\u00e9mak\u00f6r\u00e9re f\u00f3kusz\u00e1l. Az esem\u00e9nyen szakemberek \u00e9s vezet\u0151k vesznek r\u00e9szt, akik megosztj\u00e1k a legjobb gyakorlatokat \u00e9s a sikeres vezet\u0151i k\u00e9szs\u00e9geket.<\/p>","protected":false},"featured_media":85,"template":"","class_list":["post-84","rendezveny","type-rendezveny","status-publish","has-post-thumbnail","hentry"],"acf":[],"_links":{"self":[{"href":"https:\/\/talajjavitoszovetseg.hu\/en\/wp-json\/wp\/v2\/rendezveny\/84","targetHints":{"allow":["GET"]}}],"collection":[{"href":"https:\/\/talajjavitoszovetseg.hu\/en\/wp-json\/wp\/v2\/rendezveny"}],"about":[{"href":"https:\/\/talajjavitoszovetseg.hu\/en\/wp-json\/wp\/v2\/types\/rendezveny"}],"wp:featuredmedia":[{"embeddable":true,"href":"https:\/\/talajjavitoszovetseg.hu\/en\/wp-json\/wp\/v2\/media\/85"}],"wp:attachment":[{"href":"https:\/\/talajjavitoszovetseg.hu\/en\/wp-json\/wp\/v2\/media?parent=84"}],"curies":[{"name":"wp","href":"https:\/\/api.w.org\/{rel}","templated":true}]}}

Üzleti Vezetők Fóruma

<p>A rendezvény a vezetői készségek és a vállalati stratégiák témakörére fókuszál. Az eseményen szakemberek és vezetők vesznek részt, akik megosztják a legjobb gyakorlatokat és a sikeres vezetői készségeket.</p>
